ate the greatest common divisor of 511 and 8939.
7
What is the greatest common divisor of 2724840 and 30?
30
Calculate the highest common divisor of 242 and 734954.
242
What is the highest common factor of 55 and 675?
5
What is the highest common divisor of 448 and 692544?
64
Calculate the highest common factor of 236325 and 1507.
137
What is the highest common divisor of 10718 and 391?
23
Calculate the highest common factor of 1746 and 468.
18
What is the greatest common divisor of 1218 and 882?
42
Calculate the greatest common divisor of 4592 and 1792.
112
Calculate the greatest common divisor of 5843 and 13.
1
What is the highest common factor of 60 and 11920?
20
Calculate the highest common factor of 70238 and 696.
58
What is the highest common factor of 6656 and 42496?
512
Calculate the highest common factor of 16 and 218032.
16
Calculate the highest common divisor of 30217 and 44.
11
Calculate the greatest common factor of 14 and 537733.
7
What is the highest common factor of 570 and 1653?
57
What is the greatest common factor of 73 and 201991?
73
What is the greatest common divisor of 4899 and 852?
213
What is the highest common divisor of 80864 and 1120?
224
What is the greatest common divisor of 13739 and 77?
11
What is the highest common factor of 3250 and 104?
26
What is the highest common factor of 1620 and 3585?
15
Calculate the highest common factor of 5601 and 3.
3
Calculate the greatest common divisor of 24242 and 8993.
391
Calculate the highest common factor of 13188 and 3276.
84
Calculate the highest common factor of 1872822 and 14448.
1806
Calculate the highest common factor of 1222942 and 98.
98
What is the highest common factor of 350 and 699550?
50
What is the greatest common factor of 1568658 and 714?
714
What is the greatest common factor of 1144 and 266640?
88
Calculate the highest common factor of 38596 and 16.
4
What is the greatest common divisor of 309 and 2483948?
103
What is the highest common divisor of 532 and 47614?
266
What is the greatest common factor of 271648 and 4160?
416
What is the greatest common factor of 53741 and 305?
61
Calculate the greatest common divisor of 72 and 377784.
72
Calculate the greatest common factor of 303230 and 10.
10
What is the highest common divisor of 3233 and 148413?
61
What is the highest common divisor of 37163 and 28?
7
What is the highest common factor of 2950 and 48650?
50
What is the highest common divisor of 66 and 10967?
11
What is the greatest common divisor of 436 and 58315?
109
Calculate the highest common factor of 25727 and 26.
13
What is the highest common factor of 3294 and 46848?
366
Calculate the greatest common factor of 3633 and 336.
21
What is the highest common divisor of 6417 and 13950?
279
What is the highest common factor of 11339 and 437?
23
What is the greatest common divisor of 14575 and 4015?
55
What is the greatest common divisor of 59308 and 156?
4
What is the highest common divisor of 162657 and 66?
33
What is the highest common factor of 12704 and 992?
32
Calculate the greatest common factor of 465 and 45015.
15
Calculate the greatest common factor of 230296 and 407.
11
Calculate the highest common divisor of 205 and 7421.
41
What is the greatest common divisor of 256 and 2456?
8
Calculate the greatest common divisor of 2072645 and 46.
23
What is the greatest common divisor of 1330 and 967670?
190
What is the greatest common divisor of 21245 and 1214?
607
What is the highest common divisor of 14466 and 54?
6
What is the highest common factor of 5236995 and 15?
15
Calculate the highest common divisor of 616 and 34342.
154
Calculate the greatest common factor of 675 and 825.
75
Calculate the greatest common divisor of 5185 and 1955.
85
Calculate the greatest common factor of 2730068 and 4.
4
Calculate the greatest common factor of 385 and 21595.
35
What is the greatest common factor of 25 and 4150?
25
Calculate the greatest common divisor of 182894 and 76.
38
What is the highest common factor of 13615 and 24896?
389
What is the greatest common divisor of 4514 and 3182?
74
What is the highest common factor of 10389 and 3?
3
What is the highest common factor of 12359 and 1326?
17
What is the greatest common divisor of 2562 and 254730?
42
Calculate the highest common divisor of 91224 and 6.
6
Calculate the highest common divisor of 14560 and 7735.
455
What is the highest common divisor of 2193 and 31605?
129
What is the highest common factor of 3237996 and 3486?
498
What is the highest common divisor of 876 and 4519284?
876
Calculate the greatest common divisor of 14 and 1090747.
7
What is the highest common divisor of 1615350 and 990?
330
Calculate the greatest common factor of 648 and 258120.
216
What is the highest common divisor of 23557094 and 22?
22
Calculate the highest common factor of 290719 and 429.
143
What is the greatest common factor of 410310 and 52170?
1410
Calculate the greatest common factor of 408 and 9624.
24
What is the greatest common factor of 88600 and 3200?
200
Calculate the greatest common divisor of 189 and 20709.
27
Calculate the highest common factor of 1824 and 849936.
48
What is the greatest common divisor of 1068 and 96036?
12
Calculate the highest common divisor of 7236 and 1161780.
804
Calculate the greatest common factor of 219560 and 3960.
440
What is the greatest common factor of 1140 and 4857540?
1140
Calculate the greatest common factor of 56691 and 72.
9
Calculate the greatest common factor of 108 and 1828116.
108
What is the greatest common factor of 1030584 and 1104?
552
What is the highest common factor of 468 and 44681?
13
Calculate the greatest common divisor of 384 and 9936.
48
What is the highest common factor of 1264506 and 1752?
438
Calculate the highest common factor of 461436 and 204.
12
Calculate the highest common factor of 1037413 and 26.
13
What is the highest common factor of 1863 and 63882?
27
Calculate the highest common divisor of 111884 and 996.
332
What is the greatest common divisor of 767 and 20286383?
767
Calculate the highest common factor of 161343 and 2457.
819
What is the highest common divisor of 2256 and 5088?
48
What is the highest common factor of 19 and 241243?
19
What is the highest common factor of 6381 and 36?
9
What is the highest common divisor of 666 and 2960?
74
What is the greatest common divisor of 2860 and 169?
13
What is the greatest common factor of 91428 and 8436?
228
What is the highest common divisor of 1698637 and 73?
73
What is the greatest common divisor of 397794 and 116718?
2382
Calculate the greatest common divisor of 3969 and 756.
189
What is the greatest common factor of 369 and 318447?
369
Calculate the greatest common factor of 1106 and 2336662.
158
Calculate the highest common factor of 3 and 30983.
1
Calculate the highest common factor of 353552 and 2736.
304
Calculate the greatest common factor of 100 and 158350.
50
What is the highest common divisor of 76756 and 372?
124
What is the greatest common factor of 2675 and 37985?
535
What is the highest common divisor of 70692 and 3096?
516
Calculate the greatest common factor of 59 and 2419.
59
What is the greatest common factor of 13790 and 770?
70
What is the greatest common factor of 41728 and 148?
4
What is the highest common divisor of 125574 and 6?
6
What is the highest common factor of 6244 and 61994?
446
What is the highest common divisor of 805 and 50669?
23
What is the greatest common factor of 61225 and 237?
79
Calculate the highest common divisor of 36853 and 137.
137
What is the greatest common factor of 1311 and 3819?
57
Calculate the greatest common factor of 5542 and 5379.
163
Calculate the highest common factor of 10232 and 16.
8
What is the greatest common divisor of 17225 and 900523?
689
What is the highest common divisor of 6824 and 5000?
8
What is the highest common factor of 164 and 527260?
164
Calculate the greatest common divisor of 678 and 386686.
226
Calculate the highest common divisor of 3 and 2603.
1
What is the highest common divisor of 138 and 3214641?
69
Calculate the greatest common factor of 217496 and 248.
248
Calculate the highest common divisor of 628 and 23393.
157
Calculate the greatest common factor of 146507 and 4904.
613
What is the highest common factor of 